1. What is the hundreds digit of u(-10)?
2
Suppose -15*p - 2115 = -0*p. Let b = p + 153. What is the tens digit of b?
1
Let q(h) = 2*h**3 + 5*h**2 - 14*h - 13. What is the tens digit of q(8)?
1
Let l be 2 + 0 + (-7)/(35/40). Suppose -2*g - 136 = 2*z, -4*z - 284 = -2*g - 0*g. What is the units digit of z*(l/(-4) + -2)?
5
Let o(k) = -k**3 + 15*k**2 + 27*k - 16. What is the tens digit of o(12)?
4
Suppose 17 = -l + 21. Suppose -l*r = 5*g - 216, -7*g + 3*g = -5*r - 140. What is the tens digit of g?
4
Suppose v = -4*a + 366 + 344, 3*a - 3584 = -5*v. What is the tens digit of v?
1
Let g(f) = 13*f**2 + 5 - 15*f**3 - 4*f**3 + 5*f + 15*f**3 + 5*f**3. What is the hundreds digit of g(-5)?
1
Let o(m) = m**3 + 5*m**2 + 3*m + 4. Let x = -40 + 37. What is the units digit of o(x)?
3
Let q be (-3116)/(-12) + (-2)/(-6). What is the tens digit of 28/70*q/2 + 2?
5
Let a(s) = 171*s + 9. What is the tens digit of a(2)?
5
Let v(s) be the second derivative of 7*s**5/15 + s**4/12 + s**3/6 - 2*s**2 + 7*s. Let n(f) be the first derivative of v(f). What is the units digit of n(-1)?
7
Let h(v) = -v**3 - 2*v**2 + 2. Suppose 3*c = c - 4. Let t be h(c). Suppose -t*b + 20 = 3*b. What is the units digit of b?
4
Suppose -b + v = -866, -2*v + 46 - 48 = 0. What is the hundreds digit of b?
8
Let c(x) = 5*x - 13. Let w be (36/42)/(3/21). What is the units digit of c(w)?
7
Let i = -14 + 26. What is the units digit of (-2)/((i/(-27))/2)?
9
Let i = -607 - -1361. What is the tens digit of i?
5
Let y = 17 - 13. Suppose 4*m + 2*j = 5*j + 451, j = -y*m + 463. What is the hundreds digit of m?
1
Let z(q) = q**2 - 21*q + 45. Let a be z(19). Let b(m) = 8*m + 10. What is the units digit of b(a)?
6
Let a(y) = 94*y + 1. Let g be a(1). Let r = -15 - -20. Suppose 3*q - g = -5*u + u, -5*q + r*u = -205. What is the tens digit of q?
3
Suppose 0 = -4*c - 20, 24510 = -2*a + 6*a + 2*c. What is the tens digit of a?
3
Let c be 2 + 4/16*4. Suppose 0 = 2*h - 2*z + 2, -2*h + 24 = 2*h + c*z. Let u = h - -4. What is the units digit of u?
7
Let z = 1386 + 2403. What is the units digit of z?
9
Let c = -595 - -880. What is the tens digit of c?
8
Suppose -2*v = 3*x - 0*v - 21, -5*x + 3*v + 16 = 0. Suppose b - 32 = x*g, -5*b = 5*g - 93 - 217. What is the units digit of b?
7
Suppose -3*a - 1 = -v + 7, 2*a - 2 = -3*v. Let g be v*1 - (-8 + 10). Suppose 9*j - 546 + 69 = g. What is the units digit of j?
3
Let q = 0 - 55. Let t = q - -1055. What is the tens digit of t/20*(0 + 1)?
5
Suppose -1584 = -19*m + 17*m. What is the tens digit of m?
9
Suppose 3 - 3 = -4*s. Suppose -3*d + 431 + 193 = s. What is the units digit of d?
8
Suppose -7*w - 376 = -11*w. Suppose 2*z + 3*h = 3*z - 6, -2*h = 4*z - w. What is the units digit of z?
1
What is the tens digit of (21/(-35))/(2/(-2870))?
6
Let f = 1135 - 344. What is the tens digit of f?
9
Suppose 2*v - 3*f - 6 = 0, 0*v = -5*v + f + 15. Suppose 624 = -0*n + 5*n - 3*q, 378 = v*n - 3*q. What is the tens digit of n?
2
Suppose -9*m + 13*m = -3*k + 599, 3*m + 585 = 3*k. What is the units digit of k?
7
Let i(c) = -c**3 - 3*c**2 + 15*c - 5. What is the tens digit of i(-6)?
1
Let s(v) = -124*v - 4. What is the tens digit of s(-4)?
9
Suppose -93696 = 5*q - 53*q. What is the tens digit of q?
5
Suppose -3*y = -7*y. Let l = 712 + -382. Suppose 6*b - l = -y*b. What is the tens digit of b?
5
Let y(u) = -2*u**2 - 2*u - 1. Let b(a) = a**3 + 2*a**2 + a. Let x(r) = -4*b(r) - 3*y(r). What is the units digit of x(-2)?
3
Suppose 20 = -5*i + 30. Let b = 58 + -51. Suppose -i*o + 134 = 2*a, a + b*o - 69 = 4*o. What is the units digit of a?
6
Let w(r) = 6074*r**2 - 4*r - 5. What is the thousands digit of w(-1)?
6
Suppose -10*v + 165 + 15 = 0. Suppose -v*y + 9*y + 711 = 0. What is the units digit of y?
9
Suppose 3*u + 2*u = -5*x + 1300, -4*x + 4*u = -1024. Suppose -5*m = -x - 27. What is the tens digit of m?
5
Let m(z) = 125*z**3 - 2*z + 1. Let f be m(1). Suppose 0*h + 48 = 2*g - 2*h, -4*g + h + 99 = 0. Suppose 3*k + g = f. What is the tens digit of k?
3
Suppose -7369 - 13932 = -7*x. What is the tens digit of x?
4
Let q(l) = l - 13. Let d be q(11). What is the hundreds digit of (104 - d)*1 + 3 - 2?
1
Let p = 27 - -137. What is the units digit of p?
4
Let j = 101 + -27. Suppose -4*c - j = -2*v, -215 = 3*v - 8*v - 5*c. What is the units digit of v?
1
Suppose -8*a = -11*a. Let t be (-2 - a) + -2 + -1596. What is the units digit of t/(-38) + (-24)/228?
2
Let h(v) = -60*v - 78. What is the units digit of h(-8)?
2
Suppose -2*n + 668 = 2*j + 3*j, 2*n = j - 124. Let g = -93 + j. What is the tens digit of g?
3
Suppose -5*p + 21 + 20 = r, 3*p - 12 = 0. Let o = r + -7. What is the units digit of o?
4
Suppose 0 = -5*n + m + 3392, -578 = 5*n - 4*m - 3976. What is the hundreds digit of n?
6
Suppose 3 = 10*k + 3. Suppose 0 = j + 2*x - 183, k*x + 4 = 2*x. What is the hundreds digit of j?
1
Let d be -5 + -1 - (-1 - -2). What is the units digit of (-5 - d) + 15*7?
7
Suppose -5*r + 1 = 3*i - 4, 2*i - 4*r = -4. Suppose i = -x + 6*x. Suppose 5*n + x*w = 5*w + 120, 148 = 5*n + 2*w. What is the tens digit of n?
2
Suppose -5*o + 5*p = -275, -2*p + 4 = -p. Let b = 121 - o. What is the units digit of b?
2
Let u(l) = l**3 + 18*l**2 - 2*l + 22. Let s be u(-17). What is the units digit of (-1 - 0)/((-15)/s)?
3
Let d(x) = 11*x**2 - 7*x - 6. Let o = -99 - -98. What is the units digit of d(o)?
2
Suppose 471*d - 476*d + 18470 = 0. What is the thousands digit of d?
3
Suppose 10 = 3*q - 3*g - 8, q - 2*g = 10. Suppose p = 2*p + j - 1, -q*p + 26 = -4*j. Suppose -a + 26 = r, -r - 2*r = -p*a - 70. What is the tens digit of r?
2
Let h(k) = -2*k**2 + k + 14. Suppose 3*g = g + 12. Let j be 2/g - 5/15. What is the units digit of h(j)?
4
Let q(i) = i**2 + 11*i + 18. What is the units digit of q(6)?
0
Let o = 11 - 6. Suppose -o*j - 5*q + 250 = 0, 5*j - 6*q = -q + 280. What is the tens digit of j?
5
Let g = -1424 - -1935. What is the hundreds digit of g?
5
Let j = 21 - 16. Suppose 0 = j*z - 2*z - 138. Let l = -11 + z. What is the units digit of l?
5
Suppose 0 = 3*l - 3*n + 9, -2*l - 3*n = 1 - 10. Suppose l*f + 5*f = -255. Let w = f + 92. What is the tens digit of w?
4
Let d(s) = 4*s**2 + 42*s + 358. What is the hundreds digit of d(-12)?
4
What is the units digit of 2364/24*2*(-4)/(-2)?
4
Let u(g) = -g**3 - 3*g**2 - g + 4. Let s be u(-3). Suppose 238 = -5*l + s*l. What is the tens digit of l?
1
Let n be 64/(-6)*(-1 + -23). Let w = n + -126. What is the units digit of w?
0
Let p(o) = -395*o + 101. What is the hundreds digit of p(-8)?
2
Let m(o) = 4*o**2 + 12*o - 29. What is the tens digit of m(13)?
0
Let s be (52/(-16) - -3)*(-13 - -1). What is the units digit of (36/(-3))/s + 145?
1
What is the hundreds digit of (1/((-20)/32) + 2)*2455?
9
What is the hundreds digit of (-40)/(-30) - (-1445)/3?
4
Let d(v) = -v**2 - 14*v + 2. Let g be d(-14). Suppose g*k - 107 - 117 = 4*o, 560 = 5*k - 4*o. What is the units digit of k?
2
Let g = -1361 + 2292. What is the tens digit of g?
3
Let t = 1351 - -3283. What is the units digit of t?
4
Suppose -v = -3*c - 103, -5*v - 4*c + 0*c + 439 = 0. Let x = 51 + -99. Let d = v + x. What is the tens digit of d?
4
Let c = -135 + 197. Let k = c - -61. What is the hundreds digit of k?
1
Suppose 3*d = -3*h + 12, 5*d - 20 = h - 0*d. Suppose -4*c = 4*q - 156, h*q + 29 = q + 3*c. What is the tens digit of (-7)/(q/12 + -4)?
2
Let k = -11 + 18. Let d = -9 + k. What is the units digit of d + -1 + 4 - -23?
4
Let m = -722 + 1585. What is the units digit of m?
3
Let o = -21 + 26. Suppose 0 = o*r - 43 - 52. Suppose 12 = d - r. What is the units digit of d?
1
Suppose 2*r - 664 = -r - 5*t, 4*t = 5*r - 1156. Suppose -4*z - r = -3*b, 4*z = -2*b - 191 - 17. Let g = -14 - z. What is the units digit of g?
0
Let c(n) = -n**3 - 10*n**2 - 9*n. Let l be c(-8). What is the units digit of (72/(-14))/(12/l)?
4
Let b be 394/11 - (-2)/11. Let v = -2 + b. Suppose v = y + y. What is the units digit of y?
7
Let w(s) = 67*s**2 + 29*s + 8. What is the thousands digit of w(-8)?
4
Let t(y) = y**2 - 5*y - 6. Let k be t(6). Let w = k - -1. What is the units digit of 1190/30 - w/(-3)?
0
Let c(h) = -14*h + 45. Let o be c(21). Let i = 403 + o. What is the tens digit of i?
5
Let j(a) = -154*a - 2. Let y be j(-1). Suppose 4*r - y = -p, -2*p - 38 = -r + 3*p. What is the